e
Is 291331 prime?
True
Is 118160347 a prime number?
True
Is 480143581 prime?
True
Is 9430229 a composite number?
True
Is 8043401 prime?
True
Is 2953049 prime?
False
Is 2603989 a prime number?
False
Is 104566409 composite?
True
Is 97020229 a composite number?
False
Is 117032477 prime?
False
Is 87431669 composite?
True
Is 1372843 prime?
True
Is 439721341 prime?
True
Is 80678219 prime?
True
Is 465863 a composite number?
True
Is 8314897 a composite number?
False
Is 45191641 a composite number?
True
Is 6289883 composite?
False
Is 430750531 prime?
True
Is 13742943 a composite number?
True
Is 1385563403 prime?
False
Is 441006731 a prime number?
False
Is 4492627 a composite number?
False
Is 128849054 a composite number?
True
Is 467194213 a composite number?
True
Is 7649311 prime?
True
Is 3544553 a composite number?
True
Is 12739763 a composite number?
False
Is 42753233 composite?
False
Is 4775281 composite?
True
Is 26547839 composite?
True
Is 15835777 composite?
True
Is 3509113 composite?
False
Is 342949 prime?
True
Is 12760141 prime?
False
Is 8751007 composite?
False
Is 177622271 prime?
True
Is 1671467 a prime number?
False
Is 974521 a prime number?
False
Is 39098747 prime?
False
Is 5888873 prime?
True
Is 4235069 composite?
True
Is 33124691 a prime number?
True
Is 56701313 prime?
False
Is 761557 a prime number?
False
Is 5258597 prime?
False
Is 21009634 a composite number?
True
Is 1520126 composite?
True
Is 34935001 a prime number?
False
Is 4829389 composite?
False
Is 2009971 a prime number?
True
Is 2384155 a prime number?
False
Is 443703119 a prime number?
True
Is 5572813 a prime number?
False
Is 71909323 a prime number?
True
Is 41425883 a prime number?
True
Is 1593649 composite?
True
Is 13493461 prime?
False
Is 12581323 a prime number?
True
Is 107729 a composite number?
True
Is 328044181 a composite number?
True
Is 1687402 composite?
True
Is 238867 composite?
True
Is 6333337 composite?
False
Is 111276703 a composite number?
False
Is 32443211 prime?
False
Is 4433241 composite?
True
Is 85040303 prime?
True
Is 8877289 a composite number?
True
Is 27327863 a prime number?
True
Is 355808821 a prime number?
False
Is 22671797 a composite number?
False
Is 707981 a composite number?
False
Is 5099911 composite?
True
Is 6550783 a prime number?
True
Is 13655555 prime?
False
Is 174385129 a prime number?
True
Is 15651341 composite?
False
Is 18582977 prime?
False
Is 185176973 a prime number?
False
Is 34024357 a composite number?
True
Is 8098187 a prime number?
True
Is 75979 prime?
True
Is 2461439 prime?
True
Is 913279 a composite number?
False
Is 586405 composite?
True
Is 10182197 a composite number?
False
Is 52301861 prime?
True
Is 7105073 prime?
False
Is 31205029 a composite number?
False
Is 42614647 a composite number?
False
Is 3553078 a composite number?
True
Is 15945119 a prime number?
True
Is 78711979 a composite number?
False
Is 8192771 prime?
True
Is 4398371 composite?
False
Is 356227 a prime number?
False
Is 8879477 prime?
False
Is 5234477 a prime number?
True
Is 2354785 prime?
False
Is 16877897 a composite number?
False
Is 137663819 a composite number?
False
Is 606407 a composite number?
True
Is 10480933 prime?
True
Is 2371498 prime?
False
Is 12898117 prime?
False
Is 2641575305 a prime number?
False
Is 1711559 a prime number?
False
Is 211495553 composite?
False
Is 8054953 composite?
True
Is 13634843 composite?
True
Is 163469099 a prime number?
False
Is 47517973 a prime number?
True
Is 43408991 prime?
True
Is 90883201 composite?
False
Is 441709 composite?
True
Is 1919647 prime?
True
Is 95723027 composite?
False
Is 7842761 a composite number?
False
Is 7191883 prime?
False
Is 3976001 prime?
True
Is 6108563 composite?
True
Is 326931629 prime?
False
Is 49315517 prime?
True
Is 8081389 a prime number?
False
Is 5186585 composite?
True
Is 2682793 a prime number?
True
Is 10874131 composite?
False
Is 2709197 prime?
True
Is 37389959 a prime number?
True
Is 23045531 composite?
True
Is 12073101 prime?
False
Is 2188451 composite?
False
Is 2681669 composite?
True
Is 30090241 prime?
True
Is 99125457 composite?
True
Is 524096189 prime?
True
Is 11721427 a composite number?
True
Is 517282211 a composite number?
False
Is 745001 composite?
False
Is 34841 composite?
False
Is 18001897 a prime number?
False
Is 5590699 prime?
True
Is 36603849 a prime number?
False
Is 330854711 composite?
True
Is 2814233 composite?
False
Is 3984655 prime?
False
Is 359887 prime?
False
Is 2887279 a prime number?
True
Is 459607 prime?
True
Is 39797111 composite?
False
Is 22597222 composite?
True
Is 70088893 prime?
False
Is 10204639 prime?
False
Is 47289805 a composite number?
True
Is 19634453 prime?
False
Is 12286231 a prime number?
True
Is 7692943 a composite number?
False
Is 2307031 composite?
False
Is 77831309 composite?
False
Is 70963483 a prime number?
False
Is 342599437 a prime number?
True
Is 3742127 a prime number?
True
Is 1608151 a composite number?
True
Is 251969 a prime number?
True
Is 20335834 prime?
False
Is 5908897 prime?
True
Is 44408717 a prime number?
True
Is 7160005 prime?
False
Is 11313193 a prime number?
True
Is 3866713 composite?
False
Is 10779947 a composite number?
True
Is 28435123 a prime number?
True
Is 66539107 prime?
False
Is 2645911 composite?
False
Is 39102079 a prime number?
True
Is 6717619 a prime number?
True
Is 6845843 a composite number?
False
Is 2680417 a composite number?
True
Is 107021 composite?
False
Is 89754655 prime?
False
Is 108024227 a prime number?
True
Is 31185181 prime?
True
Is 13100153 a prime number?
False
Is 112319341 composite?
True
Is 4219427 prime?
True
Is 6854605 prime?
False
Is 145724257 prime?
False
Is 455209 prime?
False
Is 15873161 a composite number?
False
Is 56367919 a prime number?
True
Is 5912761 prime?
True
Is 67930043 a prime number?
False
Is 343764821 a composite number?
True
Is 3925847 composite?
True
Is 6842773 prime?
False
Is 21760093 a composite number?
True
Is 69475537 composite?
True
Is 2536991 composite?
False
Is 11018903 composite?
True
Is 396497 a composite number?
True
Is 1264369 a composite number?
True
Is 20899367 prime?
True
Is 36646697 prime?
False
Is 16014057 a composite number?
True
Is 12021953 composite?
False
Is 12252713 a composite number?
True
Is 5135297 composite?
False
Is 2966219 prime?
True
Is 5428331 prime?
True
Is 545829691 composite?
True
Is 1716733 composite?
False
Is 760973 a prime number?
False
Is 17701553 a composite number?
False
Is 771011 prime?
True
Is 398512123 prime?
True
Is 22272011 composite?
False
Is 939791 a prime number?
True
Is 439823 a prime number?
True
Is 1196821 composite?
True
Is 100699213 prime?
True
Is 143893055 a prime number?
False
Is 8279441 composite?
True
Is 179706049 composite?
False
Is 1757909 a prime number?
False
Is 13769551 a prime number?
True
Is 4051777 composite?
True
Is 789617 a prime number?
False
Is 12426559 prime?
True
Is 4257031 prime?
False
Is 57012443 composite?
False
Is 4508897 composite?
True
Is 1081728367 a prime number?
True
Is 918958 composite?
True
Is 8219 composite?
False
Is 1644491 composite?
False
Is 12447863 composite?
True
Is 295528769 a composite number?
False
Is 160167751 prime?
True
Is 247519 a composite number?
False
Is 110705701 prime?
False
Is 15112063 prime?
True
Is 5081273 a prime number?
False
Is 6210779 a composite number?
False
Is 3738719 prime?
False
Is 3381757 a prime number?
True
Is 58150787 a prime number?
True
Is 2318419 composite?
True
Is 603457 prime?
True
Is 967583 a prime number?
True
Is 2636167 a composite number?
True
Is 3593419 a composite number?
True
Is 10781387 prime?
False
Is 11492447 prime?
False
Is 9569797 a composite number?
True
Is 1402976821 prime?
True
Is 100283669 composite?
False
Is 25630679 composite?
True
Is 3510893 a composite number?
True
Is 3546371 a composite number?
False
Is 696653 a composite number?
False
Is 1197257 a composite number?
False
Is 623877679 prime?
False
Is 5886499 prime?
True
Is 6288119 prime?
True
Is 490559 a prime number?
True
Is 27798011 a composite number?
False
Is 60331553 a prime number?
False
Is 463781 a prime number?
True
Is 11611373 composite?
True
Is 183836195 composite?
True
Is 35052323 a composite number?
True
Is 374137 a composite number?
False
Is 347177 composite?
False
Is 51476333 a 